3
Let t = -361 - -1967. What are the prime factors of t?
2, 11, 73
Let c(a) = -a**3 - 3*a**2 + 4*a + 2. Let f be c(-4). Suppose -159 = -f*r + 9. What are the prime factors of r?
2, 3, 7
Let o(y) = y**3 + 2*y**2 - 4*y + 643. List the prime factors of o(0).
643
Suppose 3*d - 1104 = 6*o - 8*o, -4*o - 12 = 0. What are the prime factors of d?
2, 5, 37
Let r = -8 - -6. Let b be 52/16 + r/8. Suppose -c + 64 = b*c. What are the prime factors of c?
2
Let o(l) = l**3 - l**2 - 5*l + 1. Let k be o(4). Suppose 0 = -f + 119 - k. List the prime factors of ((-4)/(-6))/(4/f).
3, 5
Suppose 41 = -5*g - 0*g + q, -4*q - 4 = g. Let m(i) = 4*i + 18. Let f be m(g). Let l = 44 - f. What are the prime factors of l?
2, 29
Suppose -511 = -t + 4*i, 2*i + 1381 + 1138 = 5*t. What are the prime factors of t?
503
Let z be ((-3)/(9/(-10)) + -3)*12. Suppose -9*a + 11*a = -q + 355, -5*q + 713 = z*a. What are the prime factors of a?
3, 59
Let j = -62 + 22. Let u = 41 - j. List the prime factors of u.
3
Let k(z) = 7*z**3 - 10*z**2 + 4*z + 18. List the prime factors of k(5).
3, 13, 17
List the prime factors of (2/(-10))/(43/215)*-1794.
2, 3, 13, 23
Let y(m) be the first derivative of 141*m**2 - m - 8. Let i be y(1). Suppose i - 82 = 4*b - d, -240 = -5*b + 3*d. List the prime factors of b.
3, 17
Let h = -619 - -984. Suppose 0 = -3*w + h + 145. Suppose k - w = -4*k. What are the prime factors of k?
2, 17
Let x(t) = 21*t**2 - 7*t + 76. List the prime factors of x(7).
2, 3, 11
Let i(q) = q**2 + 2*q + 194. List the prime factors of i(0).
2, 97
Suppose -2*u = 4*h - 94 - 612, 2*u = -2. Suppose 5*q = 358 + h. List the prime factors of q.
107
Let s be (-46261)/(-3) - (-16)/(-48). List the prime factors of (-1)/6 - s/(-72).
2, 107
Let n = 2371 - 541. What are the prime factors of n?
2, 3, 5, 61
Let r be ((-8)/(-3))/(-4)*(-9)/(-2). What are the prime factors of 1 - (0 - -3)*10/r?
11
Let r(d) be the third derivative of d**5/30 - d**4/8 + d**3/3 - 4*d**2. List the prime factors of r(-4).
2, 23
Let y be 15/20 + (-2)/(-8). Let z = 2 + 3. What are the prime factors of 9/5 + y/z?
2
Let w be ((-50)/3)/((-58)/18 + 3). Suppose -v + w = -20. List the prime factors of v.
5, 19
Let h = -15 - -17. Let a(b) = -3*b**3 - h*b**2 + 5 + b + 3*b - 2*b + b. List the prime factors of a(-2).
3, 5
Suppose -d + 1 - 4 = 0. Let x = d + 3. Suppose -5*f - 5*l + l + 208 = x, 12 = -4*l. List the prime factors of f.
2, 11
What are the prime factors of 357/(-238)*2*3*-9?
3
Let c(t) = -7*t - 14. Let h(b) = -7*b - 15. Suppose u = 2*v, 2*u - 3*u = 5*v - 21. Let p(a) = u*c(a) - 5*h(a). List the prime factors of p(-5).
2, 13
Let h(b) = 17*b + 9. Let r be h(5). Suppose f = -62 + r. What are the prime factors of f?
2
Let l = 22 - 20. Suppose -2*w = 18 - l. Let m = 19 + w. What are the prime factors of m?
11
Let h = 716 + -422. Suppose h + 186 = 8*s. List the prime factors of s.
2, 3, 5
Let h = -15 + 17. Let p = h + -6. What are the prime factors of p/(-14) + 799/119?
7
Suppose 106 = k - 3*o, -3*k - 5*o = -232 - 72. List the prime factors of k.
103
Let h(z) = -z**3 + 17*z**2 - 12*z + 24. List the prime factors of h(13).
2, 17
Let r(a) = a**3 + 2*a**2 + a + 74. Let c(q) = q**2 + 1. Let j(n) = -4*c(n) + r(n). List the prime factors of j(0).
2, 5, 7
Let o(w) = -w**2 - 10*w - 12. Let j be o(-8). Let y = -4 + j. Suppose q + 5*d - 9 = y, 4*q = -q - d + 69. What are the prime factors of q?
2, 7
Let n(y) = 4*y - 2. Let z be n(-2). Let k = z - -14. Suppose -5*r - k*p + 12 = -4*r, 3*p = 5*r - 106. What are the prime factors of r?
2, 5
Suppose -2*y + 3*y - p = 24, -12 = 4*p. What are the prime factors of y - (-8 + 4)/4?
2, 11
Suppose 4*t - 2*g - 3*g = -507, 249 = -2*t + g. What are the prime factors of 6*t/(-4)*10/15?
3, 41
Let h(b) = b**3 - 13*b**2 - 13*b - 7. Suppose -5*v + 4*t + 210 = 0, -2*t - t = 0. Let a = -28 + v. What are the prime factors of h(a)?
7
Let t = -2131 + 3165. What are the prime factors of t?
2, 11, 47
Let u = 137 + -136. Let c(y) = 242*y - 7. What are the prime factors of c(u)?
5, 47
Let l = 4167 + -2142. List the prime factors of l.
3, 5
Suppose 26 = -2*h - 0*h - 4*x, 4*x + 8 = 0. Let n(b) = b**2 + 9*b + 22. List the prime factors of n(h).
2, 11
Suppose c = t + 879, -1097 = 3*c - t - 3732. What are the prime factors of c?
2, 439
Let g = -18 + 28. Let x = -1 + g. List the prime factors of x/2*(-4 - -10).
3
Let t be (-69)/15 - 6/15. Let n(v) = v**3 + 6*v**2 - 2*v + 2. Let y be n(-6). Let l = y - t. What are the prime factors of l?
19
Let w(l) = 73*l**2 + 1. Let g be w(-1). Let o = -48 + g. What are the prime factors of o?
2, 13
Suppose 2*l + 3*b = 5864, 2*l + 26*b - 21*b - 5856 = 0. What are the prime factors of l?
2, 13, 113
Suppose 1983 = 3*r - 0*h - 5*h, 4*r - 5*h = 2639. What are the prime factors of r?
2, 41
Let c be (-2)/(-8) + (-696)/(-32). Let x = 14 - c. List the prime factors of 12 + x/(-2) - 4.
2, 3
Let w(l) = -l**2 + 19*l + 22. Let v be w(20). Suppose -j + 4 = -v. List the prime factors of j.
2, 3
Let f be -2*((-1)/2 + -2 - -1). Suppose -3*l = -5*x - 528, -f*l + x - 528 = -6*l. List the prime factors of l.
2, 11
Suppose -46 = -5*u + 159. Let d = 210 + u. What are the prime factors of d?
251
Let j(o) = 3*o**3 + o**2 - 6*o - 7. Let s be j(-4). Let m = -5 - s. What are the prime factors of m?
2, 7, 11
Let b = -5 + 7. Suppose -2*z = b*p - 10, 4*z - 1 - 3 = 4*p. Suppose -3*i = -2*l - p*l + 33, -2*i - 38 = -4*l. What are the prime factors of l?
2, 3
Let i = -8712 + 12284. What are the prime factors of i?
2, 19, 47
Let i(z) = -z**3 - 12*z**2 + 3*z - 15. Let w be i(-12). List the prime factors of 5*(w/(-15) - 3).
2
Let l = 222 + -187. List the prime factors of l.
5, 7
Suppose 4*x - 3*x - d - 1478 = 0, -5*d + 5 = 0. What are the prime factors of x?
3, 17, 29
Let y be (-2 + 1)*(-14 + 9). Suppose -3*g = -5*i - 149, i + 92 - 331 = -y*g. What are the prime factors of g?
2, 3
Let v = -57 + 95. Suppose w + 8 - v = 0. List the prime factors of w.
2, 3, 5
Let z = 5630 - 2220. List the prime factors of z.
2, 5, 11, 31
Let w = -9 + 37. Suppose -30 = 20*n - 5*n. Let r = n + w. What are the prime factors of r?
2, 13
Suppose 5*d = -v + 293, 3*v - 5*d + 4*d = 879. What are the prime factors of v?
293
Suppose 20 = 9*g - 4*g. Let n be -3 - (-20)/g - 2. Let d(a) = a**2 + a + 25. What are the prime factors of d(n)?
5
Suppose -38*q + 26557 + 5705 = 0. What are the prime factors of q?
3, 283
Let b = 1973 + 1782. List the prime factors of b.
5, 751
Let z(p) = p**2 + p + 2. Let o(s) = s**2 - 13*s + 15. Let r be o(12). What are the prime factors of z(r)?
2, 7
Let n(u) = 3*u**2 + 6*u - 10. Let q = -18 - -12. What are the prime factors of n(q)?
2, 31
List the prime factors of ((-2514)/(-4))/(6/4).
419
Let v(s) = -s - 2. Let m be v(2). Let b(a) = -46*a. List the prime factors of b(m).
2, 23
Let o(q) = q**3 - 11*q**2 + 2*q + 1. Let b(c) = c**2 - c - 1. Let i(y) = -4*b(y) - o(y). What are the prime factors of i(7)?
17
Let v = -15 + 11. Let x be 1/(5/(-150)*-10). What are the prime factors of -1*(-6 - (v + x))?
5
List the prime factors of (63/35)/((-33)/(-51755)).
3, 941
Let p(t) = t - 1. Let u be p(3). Suppose 4*y + u = 10. Suppose -10 = -3*l + y*l. List the prime factors of l.
2, 5
What are the prime factors of 2/4 + 35864*3/48?
2, 19, 59
List the prime factors of (-28)/(-6)*6303/22.
7, 191
Let h be -2 - (-8)/(3 - -1). Suppose -2*r = -6 - 2, h = -4*w - 4*r + 304. What are the prime factors of w?
2, 3
Suppose -1117 = -2*y + 41*a - 46*a, 3*y = -2*a + 1703. List the prime factors of y.
571
Let p = 921 - 917. Suppose -2*x + 5*x = -2*n + 369, 3 = -n. Suppose -p*g + x = 29. What are the prime factors of g?
2, 3
Suppose 2*w = 3*w - 9. Suppose 0 = 7*a - 4*a + 3. Let u = a + w. List the prime factors of u.
2
Let r be -3 + -3 + 2 - 3. List the prime factors of (-78)/(-2) + 10 + r.
2, 3, 7
Let t(h) = -5*h - 34. Let r be t(-19). Suppose -b = -0*b - r. List the prime factors of b.
61
What are the prime factors of (303/12)/(-2 + 162/80)?
2, 5, 101
Suppose -2*j = -6*n + 2*n - 220, 4*n + 452 = 4*j. What are the prime factors of j?
2, 29
Let g = 21 - 19. Suppose 2*z = f - 7, 0 = -z - f + 3 - g. List the prime factors of (-9 + -2)/(z/4).
2, 11
Let p(l) = 2*l**2 + 3*l + 5. Suppose h + 18 - 4 = -3*j, j - 5*h - 6 = 0. Let f be p(j). Let v = f - -16. List the prim